 -c**3 - 116*c**2 - 100*c + 2629. Calculate t(-115).
904
Let z(x) = 2*x**3 - 149*x**2 + 606*x + 10548. Calculate z(69).
-9
Let g(o) = -21*o**2 + 269*o + 2554. What is g(19)?
84
Let d(i) = i**3 + 65*i**2 - 227*i - 355. What is d(-68)?
1209
Let o(c) = -348162*c + 11489345. Give o(33).
-1
Let r(d) = 3*d**2 - 6134*d + 412801. What is r(1975)?
26
Let k(g) = 157*g + 1422. What is k(-5)?
637
Let p(i) = -7150*i + 42793. Determine p(6).
-107
Let z(i) = -506*i - 287403. What is z(-568)?
5
Let z(a) = -a**3 + 16*a**2 - 221*a + 1772. What is z(11)?
-54
Let r(d) = -217*d + 10721. What is r(50)?
-129
Let s(f) = 10597*f + 212003. Give s(-20).
63
Let q(b) = 5*b**3 + 558*b**2 + 386*b + 5680. Calculate q(-111).
-203
Let n(g) = 57*g - 30057. Calculate n(530).
153
Let t(c) = -1234*c - 83114. Determine t(-67).
-436
Let o(j) = 6*j**2 - 250*j + 3025. Determine o(15).
625
Let k(i) = 10*i**2 - 1907*i + 29514. Give k(17).
-15
Let c(s) = -32*s - 4022. Determine c(-117).
-278
Let g(o) = 6901*o + 144934. Calculate g(-21).
13
Let i(o) = o**3 + 35*o**2 - 522*o - 14276. Determine i(-39).
-2
Let n(r) = 182*r**2 + 24016*r - 1090. Determine n(-132).
-34
Let b(o) = -376*o - 76698. Give b(-204).
6
Let c(z) = -4*z**2 + 356994*z + 7498637. Calculate c(-21).
-1
Let u(w) = w**3 - 14*w**2 - 12*w + 701. Give u(9).
188
Let b(d) = -802*d + 329619. What is b(411)?
-3
Let c(q) = 26*q**2 + 8017*q - 5258. Give c(-309).
-5
Let v(x) = 2*x**3 + 18*x**2 + 29*x + 14. What is v(-10)?
-476
Let m(f) = f**2 + 193*f + 8254. What is m(-64)?
-2
Let r(q) = -8*q**2 - 2474*q - 5644. What is r(-307)?
-118
Let l(o) = 2*o**3 - 101*o**2 + 492*o + 132. Give l(45).
-3
Let f(c) = 5*c**2 - 142*c + 929. What is f(12)?
-55
Let p(r) = 7*r**3 + 5457*r**2 - 2350*r - 7793. Determine p(-780).
7
Let m(c) = 3*c**2 - 77*c - 1420. Determine m(37).
-162
Let d(j) = -20*j**2 + 34*j + 166. Determine d(-4).
-290
Let l(k) = 1560*k**2 - 24981*k + 288. What is l(16)?
-48
Let x(t) = -2320*t + 222711. What is x(96)?
-9
Let n(l) = -2*l**2 - 9*l + 271. What is n(24)?
-1097
Let g(t) = 27808*t + 50. What is g(0)?
50
Let i(w) = -6*w**3 + 226*w**2 - 32*w - 18474. Calculate i(35).
6
Let b(t) = 3*t**2 + 308*t + 8640. Calculate b(-37).
1351
Let r(o) = -50004*o + 500088. Give r(10).
48
Let d(f) = -1303700*f - 2607372. Give d(-2).
28
Let y(r) = -13*r**2 - 1560*r + 26327. What is y(15)?
2
Let i(v) = 83497*v + 1252460. What is i(-15)?
5
Let z(y) = -3913*y - 1025187. Give z(-262).
19
Let k(l) = 4300*l - 17493. What is k(4)?
-293
Let v(d) = -2*d**3 - 537*d**2 + 811*d + 265. What is v(-270)?
-5
Let b(x) = -x**3 + 314*x**2 - 24533*x - 16103. Determine b(161).
-3
Let a(k) = -6*k + 1263. What is a(44)?
999
Let h(k) = 6*k**2 - 1119*k - 6747. Give h(-6).
183
Let h(q) = -4*q**2 + 89*q + 814. Give h(-7).
-5
Let z(y) = 108632*y + 760432. What is z(-7)?
8
Let a(s) = -231*s - 6247. Give a(-27).
-10
Let l(f) = -f**2 + 457*f + 36803. What is l(-70)?
-87
Let l(a) = -346*a + 29314. What is l(85)?
-96
Let i(t) = 11*t**3 - 90*t**2 - 1360*t - 10. Calculate i(-8).
-522
Let m(k) = -9488*k - 1774219. Calculate m(-187).
37
Let j(u) = -72*u - 3780. Determine j(-56).
252
Let o(q) = 43*q**3 - 5*q**2 - 49*q + 97. Give o(2).
323
Let d(l) = 24258*l - 800517. Calculate d(33).
-3
Let b(l) = -l**2 + 357052*l + 1785278. Determine b(-5).
-7
Let p(h) = 64*h + 9364. Give p(-132).
916
Let m(b) = -3754*b + 16004. Determine m(5).
-2766
Let b(q) = -2665*q + 9454. What is b(3)?
1459
Let n(v) = 250*v + 3567. Calculate n(-10).
1067
Let g(f) = 184718*f - 4802675. Calculate g(26).
-7
Let q(w) = -36447*w + 437270. Calculate q(12).
-94
Let u(n) = -310*n**3 + 65*n**2 - 138*n + 7. Give u(2).
-2489
Let t(w) = 1647*w + 62624. What is t(-38)?
38
Let x(g) = 2*g**3 - 129*g**2 + 57*g + 352. Determine x(64).
-96
Let f(m) = 45882*m - 45867. Give f(1).
15
Let f(o) = 668*o**2 - 13350*o - 232. Calculate f(20).
-32
Let m(y) = -y**3 + 17*y**2 + 141*y - 19. Calculate m(-5).
-174
Let n(k) = -31196*k - 343149. Give n(-11).
7
Let c(a) = 7827*a - 4430087. What is c(566)?
-5
Let m(k) = -5*k**2 - 17*k - 96. Determine m(-5).
-136
Let s(g) = g**2 + 16125*g + 482847. Give s(-30).
-3
Let s(x) = -x**3 + 50*x**2 + 2557*x - 127936. Calculate s(51).
-130
Let c(a) = 2*a**2 - 52*a - 4728. Determine c(64).
136
Let s(d) = 106745*d + 7151926. What is s(-67)?
11
Let n(i) = -13*i**2 - 23*i + 159. What is n(-9)?
-687
Let r(k) = -136*k**2 - 826*k - 90. Give r(-6).
-30
Let y(d) = d**2 - 1118*d + 240126. What is y(290)?
6
Let b(z) = -56880*z - 170631. Calculate b(-3).
9
Let k(j) = 3*j**3 + 296*j**2 + 626*j + 42131. Give k(-98).
-9
Let v(n) = n**3 + n**2 - 477*n + 165. Determine v(20).
-975
Let j(f) = 108*f - 14305. Give j(133).
59
Let q(k) = k**3 + 14*k**2 + 4206*k + 33215. What is q(-8)?
-49
Let y(c) = -c**3 - 141*c**2 - 4552*c - 57. Calculate y(-91).
125
Let v(p) = 22*p**2 + 2605*p + 5159. Give v(-2).
37
Let d(o) = 35*o**2 - 181*o - 43. Calculate d(7).
405
Let h(y) = -10*y**2 - 287*y - 1461. Calculate h(-6).
-99
Let u(q) = -3*q**3 - 10*q**2 + 1367*q - 7194. Give u(6).
0
Let s(u) = -12*u**2 + 3791*u - 169509. Calculate s(262).
5
Let a(b) = 31485*b + 1196450. Give a(-38).
20
Let l(w) = 102247*w - 408996. Calculate l(4).
-8
Let r(x) = 2*x**2 - 448*x - 102909. Give r(-141).
21
Let c(m) = -302*m + 36504. What is c(121)?
-38
Let h(d) = d**2 - 176*d - 35940. Determine h(-121).
-3
Let u(v) = -2*v**3 - 5*v**2 + 147*v - 816. Give u(6).
-546
Let v(h) = 2*h**2 - 29785*h + 148961. Determine v(5).
86
Let a(i) = -6*i**2 + 194*i - 33. Determine a(0).
-33
Let u(v) = -38*v**3 + 649*v**2 + 138*v - 3221. What is u(17)?
-8
Let c(y) = -2*y**3 - 112*y**2 - 1439*y + 2627. Calculate c(-33).
20
Let x(h) = -13815*h - 69077. Calculate x(-5).
-2
Let a(y) = 2*y**3 + 94*y**2 + 1275*y + 5318. What is a(-9)?
-1
Let p(q) = 2*q**3 - 139*q**2 + 316*q + 9730. Give p(66).
94
Let a(x) = -117*x**2 - 582*x - 8. Give a(-5).
-23
Let m(r) = 24*r**2 + 74*r + 46. Determine m(0).
46
Let w(d) = d**3 - d**2 - 45*d - 7. Determine w(14).
1911
Let u(i) = 10337*i - 2749643. Give u(266).
-1
Let p(y) = -25140*y - 2790584. What is p(-111)?
-44
Let f(n) = -2*n**2 + 4780*n - 856109. What is f(195)?
-59
Let h(z) = -2*z**3 - 16*z**2 + 107*z + 140. Calculate h(-13).
439
Let g(a) = 9162*a - 46106. Calculate g(5).
-296
Let m(r) = -r**3 - 102*r**2 + 4927*r + 490772. Give m(-104).
-4
Let g(c) = 8*c - 26. Give g(5).
14
Let r(t) = -8000*t + 79980. What is r(10)?
-20
Let l(x) = x**2 + 3093*x + 27759. Give l(-9).
3
Let l(c) = 250*c**2 + 18000*c + 169. Calculate l(-72).
169
Let c(s) = 1066*s**2 - 10637*s - 246. Give c(10).
-16
Let q(o) = -1340*o**3 + 39*o**2 - 37*o - 2. What is q(1)?
-1340
Let o(n) = 4699*n - 131397. Determine o(28).
175
Let h(g) = -5497*g + 44221. What is h(8)?
245
Let d(u) = -1436*u + 185520. What is d(129)?
276
Let b(o) = 6*o**2 - 566*o + 168. Calculate b(94).
-20
Let m(c) = -20*c - 285. Determine m(7).
-425
Let g(q) = -3509*q + 30511. What is g(10)?
-4579
Let i(r) = -r**3 - 33*r**2 + 51*r - 1347. Give i(-37).
2242
Let t(h) = 27935*h + 14386534. Calculate t(-515).
9
Let j(z) = -z**3 + 28*z**2 - 17*z + 1661. Calculate j(26).
2571
Let x(r) = -r**2 + 6173*r - 590. Give x(0).
-590
Let q(c) = -257*c**2 + 1796*c + 74. Calculate q(7).
53
Let f(q) = -3750*q - 60023. Calculate f(-16).
-23
Let i(d) = 2653*d - 103222. What is i(39)?
245
Let i(t) = 16768*t - 251507. Calculate i(15).
13
Let f(k) = -5*k**3 + 346*k**2 - 60*k - 299. Calculate f(69).
322
Let a(n) = 15471*n + 46426. What is a(-3)?
13
Let l(k) = -k**3 + 42*k**2 + 1777*k + 67. What is l(-26)?
-167
Let q(v) = -214*v + 9211. Calculate q(64).
-4485
Let k(z) = 2401*z + 13077. Calculate k(-7).
-3730
Let h(v) = 2*v**2 + 1970*v + 7871. What is h(-4)?
23
Let a(g) = -2845*g + 1174815. Give a(413).
-170
Let f(g) = 6*g**2 - 3572*g + 49959. Calculate f(581).
-7
Let h(i) = 668*i - 54387. Give h(81).
-279
Let w(s) = -39*s**2 + 483*s + 487. Calculate w(-1).
-35
Let m(l) = -252*l + 1410. Determine m(12).
-1614
Let n(w) = -w**3 - 26*w**2 - 793*w - 61537. Determine n(-42).
-7
Let l(u) = -25651*u - 384759. Calculate l(-15).
6
Let i(k) = -9091*k - 264123. Calculate i(-29).
-484
Let m(r) = -762*r - 38837. Determine m(-51).
25
Let p(u) = 3078*u + 21026. What is p(-7)?
-520
Let l(n) = 3479*n + 45206. Give l(-13).
-21
Let g(w) = 5*w**2 + 1022*w + 20996. 